ivative of -7/6*r**3 + 12*r**2 + 0*r + 0 + 1/3*r**w - 1/60*r**5. What is m(5)?
8
Suppose -13 = j - 2*x, -3*x + 7*x + 31 = -j. Let f(m) = 8*m + 43. Calculate f(j).
-109
Suppose -2*m + 5*x = -28, -4*m - 3*x + 3 = -1. Suppose 4*p - 11 = r + 4*r, -m*r = -p. Let j(y) = 4*y**3 - y**2 + 2*y - 2. Calculate j(r).
3
Let h(i) = 154*i + 425. Let k(m) = -40*m - 105. Let o(t) = 4*h(t) + 15*k(t). Give o(-8).
-3
Let h(g) be the second derivative of g**3/6 - g**2/2 + 9*g. Suppose 10*o - 330 = 4*o. Suppose o - 19 = 6*a. Give h(a).
5
Let o(c) = -41 - 114*c + 63*c + 49*c. Give o(0).
-41
Let z(d) be the first derivative of d**4/4 + 11*d**3/3 - 7*d**2 - 25*d - 868. Calculate z(-12).
-1
Suppose -9 + 3 = -3*d + 15. Let s(a) = 20*a**2 - 7*a - 38. Let o(t) = 7*t**2 - 2*t - 13. Let v(q) = -17*o(q) + 6*s(q). Give v(d).
-14
Let l be (-3)/(-18) - (-4)/(-24). Suppose -2*b - b - q + 5 = l, -b + q + 7 = 0. Let g be -7*(-2 + b - (-11)/(-7)). Let c(m) = -2*m**2 + 7*m - 6. Determine c(g).
-10
Suppose -3 + 5 = y. Let x(u) = -1 - 2 - u**y + 1 + 8 + 3*u. Let v = -286 - -292. Determine x(v).
-12
Suppose -6 = -2*m - 3*t - 0, m - 5*t = 3. Let z(r) = 0 + r - 8*r**2 + m*r**2 + r**3 + 2*r - 3. Determine z(4).
-7
Let y(c) = c**2 + 12*c + 7. Let j(r) = 16*r - 122. Let l = 253 - 246. Let k be j(l). Give y(k).
-13
Let u(p) = 13*p + 17. Let a(s) = 3*s + 16. Let q(o) = -6*o - 29. Let v(x) = 7*a(x) + 4*q(x). Let f(c) = 2*u(c) + 9*v(c). Let y = 9 + -9. Calculate f(y).
-2
Let k(h) = h**2 - 24*h - 3. Let n be k(24). Suppose 7*y - 10 = 5*y. Let u(c) = -14*c + 12*c + 1 + y*c. Determine u(n).
-8
Suppose 0 = -c + 201 - 209. Let t(x) be the third derivative of 0*x**4 - 3*x**2 - 1/120*x**6 + 0*x + 0*x**3 + 0 - 2/15*x**5. Calculate t(c).
0
Let d(t) = 0 - 3*t**2 + 1 + t - 3*t**2. Let c(z) = -z**2 - 16 - 1007*z + 6 + 1013*z. Let v be c(3). Determine d(v).
-6
Suppose -13*r + 12*r = -4*h - 1, -2*r + 2*h = 4. Let d(n) = n**3 + n**2 - 6*n - 5. Calculate d(r).
-5
Let f(g) = -17*g**2 - 17*g + 9. Let o be 2 + -2 + -10 + 12. Let t(c) = 7*c**2 + 8*c - 5. Let v(k) = o*f(k) + 5*t(k). Calculate v(-8).
9
Let x(c) = c - 8. Let q(v) = v - 1. Let y(d) = -6*q(d) + x(d). Suppose -79*h = -77*h - 5*o + 56, -4*o = -2*h - 44. What is y(h)?
-12
Suppose 928 = -80*w + 1568. Let j(a) be the third derivative of a**5/60 - 3*a**4/8 + 3*a**3/2 + a**2. Give j(w).
1
Suppose -6 = -11*z + 8*z. Let g(o) be the first derivative of -4*o**2 + z*o - 5*o**2 + 11 + 8*o**2. What is g(-5)?
12
Let r(m) = -m - 12. Suppose 0 = -6*c + c - 795. Let z = -168 - c. Determine r(z).
-3
Let n = -17760 + 17783. Let a(r) = -2*r + 55. Determine a(n).
9
Suppose -24*q = -40*q - 48. Let x be (q/(-2))/(68/(-408)). Let y(p) = -2*p**2 - 19*p - 12. Calculate y(x).
-3
Let q(r) = r**2 - 65*r - 2604. Let s be q(93). Let d(j) = j**3 - 2*j**2 + 32*j + 4. Determine d(s).
4
Let i(m) = 4*m**2 - 8*m + 19 + 41 - 3*m**2 - 53. Let k(c) = -2*c + 34. Let s be k(14). Determine i(s).
-5
Let v(p) be the first derivative of p**4/4 - 20*p**3/3 + 18*p**2 + 2*p + 660. What is v(18)?
2
Suppose -2*z + z - 4*j = 7, j - 3 = -5*z. Let l(g) = -21 + 0*g + z + 5 + g. Calculate l(12).
-3
Let p(h) be the second derivative of -h**4/12 + 5*h**3/6 - 60*h. Calculate p(8).
-24
Suppose -5*t = 2*m + 115 + 46, t + 261 = -3*m. Let v = 85 + m. Let n(a) = 2*a + 1. What is n(v)?
-5
Let s(n) be the second derivative of -n**4/12 - 3*n**3/2 - 13*n**2/2 - 1495*n. Determine s(-7).
1
Let y(m) be the third derivative of m**6/120 - 7*m**5/60 + m**4/12 - 17*m**3/6 + 26*m**2 + 35. Determine y(6).
-41
Let u(c) = -2*c + 3. Let p = 18 + -15. Suppose 6*v = p*v - 27. Let a be v/(44/(-8) - -4). Give u(a).
-9
Let z(u) = -u**3 - 13*u**2 - 11*u + 14. Let m be z(-12). Let s(g) = 0*g**m + 0 - 4 - 2*g - g**2 - 6*g. Give s(-7).
3
Suppose 2*f + 1 = 5. Let l(b) = 12*b**f - 41*b**2 - 1 - 2*b + 2*b. Calculate l(1).
-30
Let n(s) = -s**2 + 27. Let m be n(5). Let x(o) = -14*o**2 - 1 - 8*o**2 + 23*o**m + 4*o. Suppose -3*y - 15 = -0*y. What is x(y)?
4
Let r(s) = -3*s**2 + 66*s + 6. Let l be (-10)/(-65) - (-11 - (-1692)/(-156)). Give r(l).
6
Let w(c) = -c**2 - 3*c - 4. Let v(t) = -t**2 - 19*t + 17. Suppose 0 = 8*i - 5*i + 60. Let m be v(i). Let a be w(m). Let b(r) = -r**2 - 4*r + 5. Determine b(a).
5
Let n be 5 - (3 - (16 + -5)). Let y(v) = -n + 0 - v**3 + 2 + 7*v + 2 + 6*v**2. What is y(7)?
-9
Let g = 30 - 36. Let o be 4/g + (-51)/(-9). Let w(b) = 4*b - o*b - 3*b. Determine w(2).
-8
Let s be 3*2/(-18)*6. Let x be s*45/(-12)*4/6. Suppose -h - 22 - 13 = 3*n, -x*n = 3*h + 61. Let k(y) = -y**3 - 10*y**2 + 11*y - 5. Calculate k(n).
-5
Let q = 65 + -63. Let r(c) = -5*c + 0 - 354*c**q + 355*c**2 + 2. Let a = 7 - 2. Determine r(a).
2
Let j(h) be the first derivative of 31*h**2 + 3*h + 7959. Determine j(2).
127
Let b be 3/6*(13 - (23 - 8)). Let u(a) = -27*a - 1. Determine u(b).
26
Let n(q) = q + 2. Let k = -153 - -210. Suppose k*l - 48 = 49*l. Give n(l).
8
Let y = 43 + 78. Suppose 2*v = -y + 233. Let h(s) = v - s**2 - 26 - 22 + 6*s. What is h(8)?
-8
Let o(l) = -l**2 - 6*l + 3. Let u(n) = 1 + n - 4 + 7. Let b be ((-2)/3 - 2)/(155/465). Let x be u(b). Determine o(x).
11
Suppose 2*o = 4*k - 30, 13*o - 4*k + 58 = 7*o. Let i(v) = 1. Let d(z) = -5*z - 6. Let w(t) = d(t) - 3*i(t). Give w(o).
26
Let j(r) = -3*r - 5. Suppose 9*y + 11 = 47. Suppose 0 = d - 5*w + 5, -10 = -y*d - 6*w + 11*w. Give j(d).
-20
Let o(p) = -p - 17. Let m(c) be the third derivative of c**4/24 + 8*c**3/3 - 30*c**2. Let g(x) = -4*m(x) - 3*o(x). What is g(0)?
-13
Let b(l) = 12*l**2 - 25*l + 9. Let k(j) = 5*j**2 - 12*j + 4. Let z(f) = -2*b(f) + 5*k(f). Let m be -6*9/189*105/(-3). Calculate z(m).
2
Let f = 33 - -17. Let y = -56 + f. Let u(d) = 6*d**2 - 5. Let r(z) = 5*z**2 - 4. Let b(j) = y*u(j) + 7*r(j). What is b(-3)?
-7
Let f(i) = 2*i**2 + 1. Suppose 5*v - 12 = 4*b - 0*b, 4*v - 14 = b. Let q be ((-2)/8)/(4/(-32)). Suppose 10 = -z - 0*z - 3*r, 0 = -q*z + b*r + 4. What is f(z)?
3
Suppose -4*t - 16 = 4*z, -4*t + 497*z - 16 = 492*z. Let i(d) = 46*d + 181. Calculate i(t).
-3
Let g = 29 + -12. Let j = g + 111. Let u be (-8)/(-44) + j/22. Let o(a) = -a**3 + 6*a**2 + 2*a - 7. Calculate o(u).
5
Let t = -23 - -28. Let g be (-2)/t + 5838/70. Let p(m) = g*m - 162*m + 87*m - 1. Determine p(-2).
-17
Let s(p) = -p**2 - 6*p - 6. Let y be s(-6). Let w(t) = -17*t + 2. Let k(j) = -2 + j - 2 + 6*j + 2 + 7*j. Let c(a) = -6*k(a) - 5*w(a). Determine c(y).
-4
Let m(y) = -2*y**2 - 48*y + 58. Let t(c) = c**3 + 159*c**2 + 470*c + 287. Let f be t(-156). What is m(f)?
8
Let k = 79 + -76. Let c(h) = 21 - k - h + 0 - 12. Determine c(-6).
12
Let c = 14099 - 14123. Let n(g) = -g**2 - 19*g + 35. What is n(c)?
-85
Suppose 4*j + 2*p - 10 = 0, 0 = 3*j - 5*p - 0*p + 25. Let i(n) be the second derivative of -n**2 + 1/6*n**3 + 24*n + j. Give i(-4).
-6
Let v(c) = 112 - 337 + 117 + 109. Let f(b) = 9*b + 17. Let m(p) = 4*p + 8. Let u(s) = -3*f(s) + 7*m(s). Let d(y) = u(y) - 2*v(y). Calculate d(-6).
-3
Let a(t) = 13*t - 4*t + 1 - 6*t. Let o(u) = -u + 1. Let c(i) = -a(i) - 2*o(i). Calculate c(-6).
3
Let q(b) = -2*b**3 + 15*b**2 + 9*b - 4. Suppose 502*h + 248 = 533*h. What is q(h)?
4
Suppose -6*n + 2 = 2*v - n, 4*v - 4*n = 4. Let w = 376 + -355. Let i(r) = 7*r + 1 + 20*r - w*r. What is i(v)?
7
Let x(d) = 5631*d - 2 - 11144*d + 5582*d - d**2. Determine x(69).
-2
Let l(u) be the first derivative of u**4/12 - u**3/3 - 15*u**2 + 21. Let o(a) be the second derivative of l(a). Give o(-4).
-10
Let m be (-129635)/(-385) + 2/7. Let u = m - 332. Let j(x) = -x**2 + 3*x + 2. Determine j(u).
-8
Let f(t) = 805*t - 2. Let w be f(14). Let a(m) = -16*m**2 - 5 - w*m + 11269*m + 6. Determine a(-1).
-16
Let v(c) be the third derivative of -5*c**4/8 + 3225*c**2. Determine v(4).
-60
Let y(a) be the first derivative of -5*a**2/2 + 249*a - 459. What is y(50)?
-1
Let d(v) be the first derivative of 3*v**2 + 3*v + 1 + 1/3*v**3. Let c = -61408 + 61402. What is d(c)?
3
Let y(h) = -h**3 - 3*h**2 + 2*h + 2. Suppose -33*i - 5*u - 3 = -37*i, -5*i - u = -11. Suppose 5*j - i*q + 0 = -7, 2 = -2*j + q. Give y(j).
-4
Let w = 283 + -281. Let h(j) = 5*j + 5*j - 15*j + 4*j - 2*j**3 + j**2. Calculate h(w).
-14
Suppose -2 = 11*k - 12*k. Let s(t) = -776*t + 0*t**k + t**2 - 2 + 777*t + 0*t**2. Give s(-3).
4
Let w(k) = 8 - 351*k**3 - 395*k**3 - 3*k - 8*k**2 + 745*k**3. Giv